 5452.
116
Calculate the greatest common factor of 35792 and 32.
16
What is the highest common divisor of 87893 and 65?
13
Calculate the highest common factor of 1025 and 7525.
25
What is the greatest common factor of 123 and 11808?
123
Calculate the highest common divisor of 880 and 30624.
176
Calculate the greatest common divisor of 872 and 2398.
218
Calculate the highest common divisor of 698 and 858191.
349
Calculate the greatest common divisor of 1006483 and 3992.
499
What is the greatest common divisor of 140 and 5540?
20
Calculate the highest common factor of 39480 and 1320.
120
What is the highest common divisor of 165534 and 3243?
141
Calculate the highest common divisor of 172194 and 264.
66
Calculate the greatest common divisor of 126 and 7014.
42
Calculate the highest common factor of 10530 and 371670.
390
Calculate the greatest common divisor of 46847 and 19.
1
What is the highest common divisor of 22350756 and 2162?
2162
What is the greatest common factor of 368 and 32672?
16
What is the greatest common divisor of 790106 and 358?
358
What is the highest common divisor of 145033 and 329?
7
What is the greatest common divisor of 2537 and 344?
43
What is the highest common divisor of 13020 and 1248?
12
Calculate the greatest common factor of 32629 and 23718.
67
What is the greatest common divisor of 7124 and 79460?
548
Calculate the greatest common divisor of 977 and 51.
1
Calculate the highest common factor of 28424 and 210188.
748
What is the greatest common divisor of 693 and 13671?
63
Calculate the highest common factor of 36 and 357678.
18
What is the highest common divisor of 11645 and 340?
85
What is the highest common factor of 940 and 30?
10
What is the highest common divisor of 200 and 1422600?
200
What is the highest common divisor of 824 and 3232?
8
Calculate the highest common factor of 9732052 and 44.
44
Calculate the highest common divisor of 1228 and 14270588.
1228
Calculate the greatest common factor of 40 and 1670.
10
Calculate the greatest common divisor of 2090 and 11880.
110
What is the highest common factor of 361697 and 634?
317
What is the greatest common divisor of 13 and 31079?
1
What is the greatest common factor of 89769 and 6?
3
What is the greatest common factor of 1080 and 3915?
135
What is the greatest common divisor of 203 and 10411?
29
What is the highest common factor of 21 and 33873?
21
What is the highest common factor of 6912 and 4428?
108
Calculate the greatest common divisor of 714013 and 73.
73
Calculate the greatest common divisor of 63826 and 98.
14
Calculate the highest common factor of 539 and 441.
49
Calculate the highest common divisor of 222 and 14208.
222
What is the highest common factor of 203 and 66613?
29
What is the greatest common factor of 228625 and 31?
31
What is the highest common divisor of 12259 and 170683?
943
What is the highest common factor of 440 and 72640?
40
What is the greatest common factor of 1890 and 28070?
70
Calculate the highest common divisor of 8993 and 68.
17
What is the greatest common divisor of 6270625 and 316?
79
What is the greatest common factor of 17469 and 297?
27
What is the highest common divisor of 234515 and 935?
85
Calculate the greatest common factor of 82 and 1362758.
82
What is the greatest common factor of 4182 and 2747?
41
Calculate the highest common factor of 1155 and 32235.
105
Calculate the highest common divisor of 461108 and 1462.
34
What is the greatest common divisor of 1512 and 573588?
108
What is the greatest common factor of 67 and 2441547?
67
What is the highest common factor of 4419 and 12275?
491
What is the greatest common divisor of 1190 and 21896?
238
Calculate the greatest common divisor of 1232 and 108724.
308
What is the greatest common factor of 25 and 3820?
5
What is the highest common divisor of 46 and 4088917?
23
Calculate the greatest common divisor of 3762 and 612.
18
Calculate the highest common divisor of 4 and 3555868.
4
Calculate the highest common divisor of 113310 and 36.
18
Calculate the highest common divisor of 558 and 10674.
18
Calculate the highest common factor of 29004 and 48.
12
Calculate the greatest common factor of 76775 and 50.
25
What is the greatest common divisor of 339286 and 22306?
1174
What is the greatest common divisor of 502 and 34889?
251
What is the highest common factor of 5590 and 1170?
130
What is the highest common divisor of 864 and 17172?
108
What is the greatest common factor of 32 and 86456?
8
Calculate the greatest common factor of 5588 and 2921.
127
What is the greatest common factor of 16 and 364176?
16
Calculate the highest common factor of 315983 and 31.
31
What is the highest common divisor of 1036 and 18725?
7
Calculate the greatest common divisor of 2 and 7648.
2
Calculate the highest common divisor of 10213 and 7.
7
Calculate the highest common divisor of 194835 and 465.
465
Calculate the highest common divisor of 37 and 2229583.
37
Calculate the greatest common divisor of 616 and 1364.
44
What is the greatest common divisor of 475076 and 8225?
329
What is the greatest common divisor of 266 and 30?
2
What is the greatest common divisor of 3 and 3063?
3
What is the greatest common divisor of 976 and 38430?
122
What is the greatest common factor of 8478 and 46386?
54
What is the highest common factor of 834 and 149286?
834
Calculate the greatest common factor of 222 and 46731.
111
What is the highest common divisor of 127786 and 1448?
362
What is the greatest common divisor of 34 and 46852?
34
Calculate the greatest common factor of 1085 and 5285.
35
Calculate the greatest common factor of 1955889 and 438.
219
What is the highest common factor of 1491367 and 477?
53
Calculate the greatest common factor of 85176 and 169.
169
Calculate the greatest common factor of 109183 and 1394.
41
What is the greatest common factor of 46740 and 284?
4
Calculate the greatest common factor of 28806 and 126.
6
What is the greatest common factor of 1359 and 44019?
9
What is the greatest common divisor of 2553 and 25737?
69
What is the greatest common divisor of 13242 and 9?
3
Calculate the greatest common factor of 13560 and 8880.
120
Calculate the greatest common factor of 3550656 and 16.
16
Calculate the greatest common divisor of 248 and 3099504.
248
Calculate the greatest common factor of 539410 and 13360.
1670
Calculate the greatest common divisor of 88678 and 23706.
878
Calculate the highest common divisor of 36345 and 12.
3
What is the highest common divisor of 602049 and 21?
21
Calculate the highest common divisor of 6 and 57518.
2
What is the greatest common factor of 641690 and 560?
70
What is the highest common divisor of 8303542 and 13?
13
Calculate the greatest common divisor of 90 and 335826.
18
Calculate the greatest common factor of 21186 and 561.
33
Calculate the greatest common factor of 276 and 58029.
69
Calculate the highest common divisor of 850 and 136170.
170
What is the highest common divisor of 304 and 356516?
76
Calculate the highest common divisor of 270654 and 948.
474
What is the highest common divisor of 135259 and 164?
41
What is the highest common factor of 3138 and 38179?
523
Calculate the highest common divisor of 11026 and 222.
74
What is the greatest common factor of 452786 and 62?
62
What is the greatest common factor of 712 and 781064?
712
What is the greatest common divisor of 351 and 38799?
27
Calculate the highest common divisor of 618135 and 18375.
735
Calculate the greatest common divisor of 27320 and 392.
8
Calculate the highest common factor of 118368 and 816.
48
Calculate the greatest common divisor of 186 and 144429.
93
What is the highest common factor of 62670 and 390?
30
What is the greatest common divisor of 705 and 1632545?
235
Calculate the greatest common divisor of 1596 and 3555356.
532
Calculate the highest common divisor of 43342 and 78.
26
What is the highest common factor of 23 and 848?
1
What is the highest common factor of 432 and 309042?
54
Calculate the highest common factor of 147782 and 494.
38
Calculate the highest common divisor of 204 and 9418884.
204
Calculate the highest common divisor of 156024 and 5016.
264
What is the greatest common factor of 14 and 1483762?
14
What is the highest common divisor of 7505232 and 